{"id":1489,"date":"2025-02-26T08:16:03","date_gmt":"2025-02-26T13:16:03","guid":{"rendered":"https:\/\/carrefourtheatre.qc.ca\/soutenir-le-festival\/"},"modified":"2026-04-01T09:41:40","modified_gmt":"2026-04-01T14:41:40","slug":"support-the-festival","status":"publish","type":"page","link":"https:\/\/carrefourtheatre.qc.ca\/en\/support-the-festival\/","title":{"rendered":"Support the Festival"},"content":{"rendered":"\n<section class=\"wp-block-group wp-pattern__header-two-cols is-layout-flow wp-block-group-is-layout-flow\">\n<div class=\"wp-block-columns is-layout-flex wp-container-core-columns-is-layout-9d6595d7 wp-block-columns-is-layout-flex\">\n<div class=\"wp-block-column is-layout-flow wp-block-column-is-layout-flow\">\n<h1 class=\"wp-block-heading\">Support the Festival<\/h1>\n<\/div>\n\n\n\n<div class=\"wp-block-column wp-pattern__header-two-cols__text is-layout-flow wp-block-column-is-layout-flow\">\n<p>Together, let&#8217;s shine a light on Quebec City&#8217;s culture !\u202f\u202f<\/p>\n<\/div>\n<\/div>\n<\/section>\n\n\n\n<hr class=\"wp-block-separator has-alpha-channel-opacity\"\/>\n\n\n\n<section class=\"wp-block-group wp-pattern__text-two-cols is-layout-flow wp-block-group-is-layout-flow\">\n<div class=\"wp-block-columns is-layout-flex wp-container-core-columns-is-layout-9d6595d7 wp-block-columns-is-layout-flex\">\n<div class=\"wp-block-column wp-pattern__text-two-cols__title is-layout-flow wp-block-column-is-layout-flow\">\n<h2 class=\"wp-block-heading\">Make a Donation<\/h2>\n<\/div>\n\n\n\n<div class=\"wp-block-column is-layout-flow wp-block-column-is-layout-flow\">\n<p>Your contribution will help :<\/p>\n\n\n\n<ul class=\"wp-block-list\">\n<li>The continuation of the show\u00a0<em>O\u00f9 tu vas quand tu dors en marchant\u2026?<\/em>, this unique immersive experience in Quebec City which highlights the historical and cultural treasures in the Capital.<\/li>\n\n\n\n<li>To allow every year almost 400 artists and stage profesionals from here and elsewhere to work and share art and culture in our wonderful city.<\/li>\n\n\n\n<li>Insure the sustainability of our inclusive pricing system so the price of a ticket is not an obstacle to amazement.<\/li>\n\n\n\n<li>Value inclusion and diversity as much in the content of our program than the composition of the festival&#8217;s teams.<\/li>\n<\/ul>\n\n\n\n<p><strong>Universal accessibility<\/strong>, <strong>inclusion<\/strong> and <strong>openness<\/strong> are the heart of our impact intention. <strong>Hospitability<\/strong> and <strong>respect <\/strong>guide our steps in the reception of all audiences, especially those who do not have easy access to art and culture, whatever the reasons may be.<\/p>\n\n\n\n<p>If our values resonate with you, it is possible to support our mission by making a donation today by clicking on the link below or during the purchase of your tickets.<\/p>\n\n\n\n<p>Thank you for helping create a big celebration of theatre and artistic creativity ! Your donations insure the future of the festival.<\/p>\n\n\n\n<p><em>Charity registration number : 131668766RR0001<\/em><\/p>\n\n\n\n<div class=\"wp-block-buttons is-layout-flex wp-block-buttons-is-layout-flex\">\n<div class=\"wp-block-button\"><a class=\"wp-block-button__link wp-element-button\" href=\"https:\/\/carrefourtheatre.tuxedobillet.com\/main\/don?axeptio_token=il3ubfj0tiiv115v6oixe\">Make a donation<\/a><\/div>\n<\/div>\n<\/div>\n<\/div>\n<\/section>\n\n\n\n<section class=\"wp-block-group wp-pattern__gallery wp-pattern__gallery--two-columns is-layout-constrained wp-block-group-is-layout-constrained\">\n<figure class=\"wp-block-gallery has-nested-images columns-default is-cropped wp-block-gallery-1 is-layout-flex wp-block-gallery-is-layout-flex\">\n<figure class=\"wp-block-image size-full\"><img loading=\"lazy\" decoding=\"async\" width=\"1600\" height=\"1049\" data-id=\"744\" src=\"https:\/\/carrefourtheatre.qc.ca\/wp-content\/uploads\/2025\/04\/otv_la_souriciere_\u00a9-marc-bergeron.avif\" alt=\"\" class=\"wp-image-744\" srcset=\"https:\/\/carrefourtheatre.qc.ca\/wp-content\/uploads\/2025\/04\/otv_la_souriciere_\u00a9-marc-bergeron.avif 1600w, https:\/\/carrefourtheatre.qc.ca\/wp-content\/uploads\/2025\/04\/otv_la_souriciere_\u00a9-marc-bergeron-860x564.avif 860w, https:\/\/carrefourtheatre.qc.ca\/wp-content\/uploads\/2025\/04\/otv_la_souriciere_\u00a9-marc-bergeron-1200x787.avif 1200w, https:\/\/carrefourtheatre.qc.ca\/wp-content\/uploads\/2025\/04\/otv_la_souriciere_\u00a9-marc-bergeron-1500x983.avif 1500w\" sizes=\"auto, (max-width: 1600px) 100vw, 1600px\" \/><figcaption class=\"wp-element-caption\">O\u00f9 tu vas quand tu dors en marchant&#8230;? 2017-2018<br>\u00a9 Marc Bergeron<\/figcaption><\/figure>\n\n\n\n<figure class=\"wp-block-image size-full\"><img loading=\"lazy\" decoding=\"async\" width=\"2400\" height=\"1602\" data-id=\"747\" src=\"https:\/\/carrefourtheatre.qc.ca\/wp-content\/uploads\/2025\/04\/otv_la_foret_\u00a9-francis-gagnon.avif\" alt=\"\" class=\"wp-image-747\" srcset=\"https:\/\/carrefourtheatre.qc.ca\/wp-content\/uploads\/2025\/04\/otv_la_foret_\u00a9-francis-gagnon.avif 2400w, https:\/\/carrefourtheatre.qc.ca\/wp-content\/uploads\/2025\/04\/otv_la_foret_\u00a9-francis-gagnon-860x574.avif 860w, https:\/\/carrefourtheatre.qc.ca\/wp-content\/uploads\/2025\/04\/otv_la_foret_\u00a9-francis-gagnon-1200x801.avif 1200w, https:\/\/carrefourtheatre.qc.ca\/wp-content\/uploads\/2025\/04\/otv_la_foret_\u00a9-francis-gagnon-1500x1001.avif 1500w, https:\/\/carrefourtheatre.qc.ca\/wp-content\/uploads\/2025\/04\/otv_la_foret_\u00a9-francis-gagnon-2000x1335.avif 2000w\" sizes=\"auto, (max-width: 2400px) 100vw, 2400px\" \/><figcaption class=\"wp-element-caption\">O\u00f9 tu vas quand tu dors en marchant&#8230;? 2013-2014<br>\u00a9 Francis Gagnon<\/figcaption><\/figure>\n<\/figure>\n<\/section>\n","protected":false},"excerpt":{"rendered":"<p>Support the Festival Together, let&#8217;s shine a light on Quebec City&#8217;s culture !\u202f\u202f Make a Donation Your contribution will help : Universal accessibility, inclusion and openness are the heart of our impact intention. Hospitability and respect guide our steps in the reception of all audiences, especially those who do not have easy access to art [&hellip;]<\/p>\n","protected":false},"author":1,"featured_media":745,"parent":0,"menu_order":0,"comment_status":"closed","ping_status":"closed","template":"","meta":{"_acf_changed":false,"inline_featured_image":false,"footnotes":""},"class_list":["post-1489","page","type-page","status-publish","has-post-thumbnail","hentry"],"acf":[],"yoast_head":"<!-- This site is optimized with the Yoast SEO plugin v27.4 - https:\/\/yoast.com\/product\/yoast-seo-wordpress\/ -->\n<title>Support the Festival | Festival Carrefour<\/title>\n<meta name=\"description\" content=\"Soutenez le th\u00e9\u00e2tre d\u2019ici en faisant un don de temps ou d&#039;argent. Chaque geste compte pour faire rayonner la cr\u00e9ation \u00e0 Qu\u00e9bec.\" \/>\n<meta name=\"robots\" content=\"index, follow, max-snippet:-1, max-image-preview:large, max-video-preview:-1\" \/>\n<link rel=\"canonical\" href=\"https:\/\/carrefourtheatre.qc.ca\/en\/support-the-festival\/\" \/>\n<meta property=\"og:locale\" content=\"en_US\" \/>\n<meta property=\"og:type\" content=\"article\" \/>\n<meta property=\"og:title\" content=\"Support the Festival | Festival Carrefour\" \/>\n<meta property=\"og:description\" content=\"Soutenez le th\u00e9\u00e2tre d\u2019ici en faisant un don de temps ou d&#039;argent. Chaque geste compte pour faire rayonner la cr\u00e9ation \u00e0 Qu\u00e9bec.\" \/>\n<meta property=\"og:url\" content=\"https:\/\/carrefourtheatre.qc.ca\/en\/support-the-festival\/\" \/>\n<meta property=\"og:site_name\" content=\"Festival Carrefour\" \/>\n<meta property=\"article:modified_time\" content=\"2026-04-01T14:41:40+00:00\" \/>\n<meta property=\"og:image\" content=\"https:\/\/carrefourtheatre.qc.ca\/wp-content\/uploads\/2025\/03\/og_festival_carrefour.jpg\" \/>\n\t<meta property=\"og:image:width\" content=\"1200\" \/>\n\t<meta property=\"og:image:height\" content=\"675\" \/>\n\t<meta property=\"og:image:type\" content=\"image\/jpeg\" \/>\n<meta name=\"twitter:card\" content=\"summary_large_image\" \/>\n<meta name=\"twitter:label1\" content=\"Est. reading time\" \/>\n\t<meta name=\"twitter:data1\" content=\"4 minutes\" \/>\n<!-- \/ Yoast SEO plugin. -->","yoast_head_json":{"title":"Support the Festival | Festival Carrefour","description":"Soutenez le th\u00e9\u00e2tre d\u2019ici en faisant un don de temps ou d'argent. Chaque geste compte pour faire rayonner la cr\u00e9ation \u00e0 Qu\u00e9bec.","robots":{"index":"index","follow":"follow","max-snippet":"max-snippet:-1","max-image-preview":"max-image-preview:large","max-video-preview":"max-video-preview:-1"},"canonical":"https:\/\/carrefourtheatre.qc.ca\/en\/support-the-festival\/","og_locale":"en_US","og_type":"article","og_title":"Support the Festival | Festival Carrefour","og_description":"Soutenez le th\u00e9\u00e2tre d\u2019ici en faisant un don de temps ou d'argent. Chaque geste compte pour faire rayonner la cr\u00e9ation \u00e0 Qu\u00e9bec.","og_url":"https:\/\/carrefourtheatre.qc.ca\/en\/support-the-festival\/","og_site_name":"Festival Carrefour","article_modified_time":"2026-04-01T14:41:40+00:00","og_image":[{"width":1200,"height":675,"url":"https:\/\/carrefourtheatre.qc.ca\/wp-content\/uploads\/2025\/03\/og_festival_carrefour.jpg","type":"image\/jpeg"}],"twitter_card":"summary_large_image","twitter_misc":{"Est. reading time":"4 minutes"},"schema":{"@context":"https:\/\/schema.org","@graph":[{"@type":"WebPage","@id":"https:\/\/carrefourtheatre.qc.ca\/en\/support-the-festival\/","url":"https:\/\/carrefourtheatre.qc.ca\/en\/support-the-festival\/","name":"Support the Festival | Festival Carrefour","isPartOf":{"@id":"https:\/\/carrefourtheatre.qc.ca\/en\/#website"},"primaryImageOfPage":{"@id":"https:\/\/carrefourtheatre.qc.ca\/en\/support-the-festival\/#primaryimage"},"image":{"@id":"https:\/\/carrefourtheatre.qc.ca\/en\/support-the-festival\/#primaryimage"},"thumbnailUrl":"https:\/\/carrefourtheatre.qc.ca\/wp-content\/uploads\/2025\/04\/otv_la_souriciere_\u00a9-marc-bergeron.avif","datePublished":"2025-02-26T13:16:03+00:00","dateModified":"2026-04-01T14:41:40+00:00","description":"Soutenez le th\u00e9\u00e2tre d\u2019ici en faisant un don de temps ou d'argent. Chaque geste compte pour faire rayonner la cr\u00e9ation \u00e0 Qu\u00e9bec.","breadcrumb":{"@id":"https:\/\/carrefourtheatre.qc.ca\/en\/support-the-festival\/#breadcrumb"},"inLanguage":"en-US","potentialAction":[{"@type":"ReadAction","target":["https:\/\/carrefourtheatre.qc.ca\/en\/support-the-festival\/"]}]},{"@type":"ImageObject","inLanguage":"en-US","@id":"https:\/\/carrefourtheatre.qc.ca\/en\/support-the-festival\/#primaryimage","url":"https:\/\/carrefourtheatre.qc.ca\/wp-content\/uploads\/2025\/04\/otv_la_souriciere_\u00a9-marc-bergeron.avif","contentUrl":"https:\/\/carrefourtheatre.qc.ca\/wp-content\/uploads\/2025\/04\/otv_la_souriciere_\u00a9-marc-bergeron.avif","width":1600,"height":1049},{"@type":"BreadcrumbList","@id":"https:\/\/carrefourtheatre.qc.ca\/en\/support-the-festival\/#breadcrumb","itemListElement":[{"@type":"ListItem","position":1,"name":"Accueil","item":"https:\/\/carrefourtheatre.qc.ca\/en\/"},{"@type":"ListItem","position":2,"name":"Soutenir le festival"}]},{"@type":"WebSite","@id":"https:\/\/carrefourtheatre.qc.ca\/en\/#website","url":"https:\/\/carrefourtheatre.qc.ca\/en\/","name":"Festival Carrefour","description":"Le plus grand festival d\u2019arts vivants \u00e0 Qu\u00e9bec","publisher":{"@id":"https:\/\/carrefourtheatre.qc.ca\/en\/#organization"},"alternateName":"Le plus grand festival d\u2019arts vivants \u00e0 Qu\u00e9bec","potentialAction":[{"@type":"SearchAction","target":{"@type":"EntryPoint","urlTemplate":"https:\/\/carrefourtheatre.qc.ca\/en\/?s={search_term_string}"},"query-input":{"@type":"PropertyValueSpecification","valueRequired":true,"valueName":"search_term_string"}}],"inLanguage":"en-US"},{"@type":"Organization","@id":"https:\/\/carrefourtheatre.qc.ca\/en\/#organization","name":"Festival Carrefour","url":"https:\/\/carrefourtheatre.qc.ca\/en\/","logo":{"@type":"ImageObject","inLanguage":"en-US","@id":"https:\/\/carrefourtheatre.qc.ca\/en\/#\/schema\/logo\/image\/","url":"https:\/\/carrefourtheatre.qc.ca\/wp-content\/uploads\/2025\/03\/og_festival_carrefour.jpg","contentUrl":"https:\/\/carrefourtheatre.qc.ca\/wp-content\/uploads\/2025\/03\/og_festival_carrefour.jpg","width":1200,"height":675,"caption":"Festival Carrefour"},"image":{"@id":"https:\/\/carrefourtheatre.qc.ca\/en\/#\/schema\/logo\/image\/"}}]}},"_links":{"self":[{"href":"https:\/\/carrefourtheatre.qc.ca\/en\/wp-json\/wp\/v2\/pages\/1489","targetHints":{"allow":["GET"]}}],"collection":[{"href":"https:\/\/carrefourtheatre.qc.ca\/en\/wp-json\/wp\/v2\/pages"}],"about":[{"href":"https:\/\/carrefourtheatre.qc.ca\/en\/wp-json\/wp\/v2\/types\/page"}],"author":[{"embeddable":true,"href":"https:\/\/carrefourtheatre.qc.ca\/en\/wp-json\/wp\/v2\/users\/1"}],"replies":[{"embeddable":true,"href":"https:\/\/carrefourtheatre.qc.ca\/en\/wp-json\/wp\/v2\/comments?post=1489"}],"version-history":[{"count":1,"href":"https:\/\/carrefourtheatre.qc.ca\/en\/wp-json\/wp\/v2\/pages\/1489\/revisions"}],"predecessor-version":[{"id":2670,"href":"https:\/\/carrefourtheatre.qc.ca\/en\/wp-json\/wp\/v2\/pages\/1489\/revisions\/2670"}],"wp:featuredmedia":[{"embeddable":true,"href":"https:\/\/carrefourtheatre.qc.ca\/en\/wp-json\/wp\/v2\/media\/745"}],"wp:attachment":[{"href":"https:\/\/carrefourtheatre.qc.ca\/en\/wp-json\/wp\/v2\/media?parent=1489"}],"curies":[{"name":"wp","href":"https:\/\/api.w.org\/{rel}","templated":true}]}}

<section class="wp-block-group wp-pattern__header-two-cols is-layout-flow wp-block-group-is-layout-flow">
<div class="wp-block-columns is-layout-flex wp-container-core-columns-is-layout-9d6595d7 wp-block-columns-is-layout-flex">
<div class="wp-block-column is-layout-flow wp-block-column-is-layout-flow">
<h1 class="wp-block-heading">Support the Festival</h1>
</div>



<div class="wp-block-column wp-pattern__header-two-cols__text is-layout-flow wp-block-column-is-layout-flow">
<p>Together, let&#8217;s shine a light on Quebec City&#8217;s culture !  </p>
</div>
</div>
</section>



<hr class="wp-block-separator has-alpha-channel-opacity"/>



<section class="wp-block-group wp-pattern__text-two-cols is-layout-flow wp-block-group-is-layout-flow">
<div class="wp-block-columns is-layout-flex wp-container-core-columns-is-layout-9d6595d7 wp-block-columns-is-layout-flex">
<div class="wp-block-column wp-pattern__text-two-cols__title is-layout-flow wp-block-column-is-layout-flow">
<h2 class="wp-block-heading">Make a Donation</h2>
</div>



<div class="wp-block-column is-layout-flow wp-block-column-is-layout-flow">
<p>Your contribution will help :</p>



<ul class="wp-block-list">
<li>The continuation of the show <em>Où tu vas quand tu dors en marchant…?</em>, this unique immersive experience in Quebec City which highlights the historical and cultural treasures in the Capital.</li>



<li>To allow every year almost 400 artists and stage profesionals from here and elsewhere to work and share art and culture in our wonderful city.</li>



<li>Insure the sustainability of our inclusive pricing system so the price of a ticket is not an obstacle to amazement.</li>



<li>Value inclusion and diversity as much in the content of our program than the composition of the festival&#8217;s teams.</li>
</ul>



<p><strong>Universal accessibility</strong>, <strong>inclusion</strong> and <strong>openness</strong> are the heart of our impact intention. <strong>Hospitability</strong> and <strong>respect </strong>guide our steps in the reception of all audiences, especially those who do not have easy access to art and culture, whatever the reasons may be.</p>



<p>If our values resonate with you, it is possible to support our mission by making a donation today by clicking on the link below or during the purchase of your tickets.</p>



<p>Thank you for helping create a big celebration of theatre and artistic creativity ! Your donations insure the future of the festival.</p>



<p><em>Charity registration number : 131668766RR0001</em></p>



<div class="wp-block-buttons is-layout-flex wp-block-buttons-is-layout-flex">
<div class="wp-block-button"><a class="wp-block-button__link wp-element-button" href="https://carrefourtheatre.tuxedobillet.com/main/don?axeptio_token=il3ubfj0tiiv115v6oixe">Make a donation</a></div>
</div>
</div>
</div>
</section>



<section class="wp-block-group wp-pattern__gallery wp-pattern__gallery--two-columns is-layout-constrained wp-block-group-is-layout-constrained">
<figure class="wp-block-gallery has-nested-images columns-default is-cropped wp-block-gallery-1 is-layout-flex wp-block-gallery-is-layout-flex">
<figure class="wp-block-image size-full"><img loading="lazy" decoding="async" width="1600" height="1049" data-id="744" src="https://carrefourtheatre.qc.ca/wp-content/uploads/2025/04/otv_la_souriciere_©-marc-bergeron.avif" alt="" class="wp-image-744" srcset="https://carrefourtheatre.qc.ca/wp-content/uploads/2025/04/otv_la_souriciere_©-marc-bergeron.avif 1600w, https://carrefourtheatre.qc.ca/wp-content/uploads/2025/04/otv_la_souriciere_©-marc-bergeron-860x564.avif 860w, https://carrefourtheatre.qc.ca/wp-content/uploads/2025/04/otv_la_souriciere_©-marc-bergeron-1200x787.avif 1200w, https://carrefourtheatre.qc.ca/wp-content/uploads/2025/04/otv_la_souriciere_©-marc-bergeron-1500x983.avif 1500w" sizes="auto, (max-width: 1600px) 100vw, 1600px" /><figcaption class="wp-element-caption">Où tu vas quand tu dors en marchant&#8230;? 2017-2018<br>© Marc Bergeron</figcaption></figure>



<figure class="wp-block-image size-full"><img loading="lazy" decoding="async" width="2400" height="1602" data-id="747" src="https://carrefourtheatre.qc.ca/wp-content/uploads/2025/04/otv_la_foret_©-francis-gagnon.avif" alt="" class="wp-image-747" srcset="https://carrefourtheatre.qc.ca/wp-content/uploads/2025/04/otv_la_foret_©-francis-gagnon.avif 2400w, https://carrefourtheatre.qc.ca/wp-content/uploads/2025/04/otv_la_foret_©-francis-gagnon-860x574.avif 860w, https://carrefourtheatre.qc.ca/wp-content/uploads/2025/04/otv_la_foret_©-francis-gagnon-1200x801.avif 1200w, https://carrefourtheatre.qc.ca/wp-content/uploads/2025/04/otv_la_foret_©-francis-gagnon-1500x1001.avif 1500w, https://carrefourtheatre.qc.ca/wp-content/uploads/2025/04/otv_la_foret_©-francis-gagnon-2000x1335.avif 2000w" sizes="auto, (max-width: 2400px) 100vw, 2400px" /><figcaption class="wp-element-caption">Où tu vas quand tu dors en marchant&#8230;? 2013-2014<br>© Francis Gagnon</figcaption></figure>
</figure>
</section>

<!-- This site is optimized with the Yoast SEO plugin v27.4 - https://yoast.com/product/yoast-seo-wordpress/ -->
<title>Support the Festival | Festival Carrefour</title>
<meta name="description" content="Soutenez le théâtre d’ici en faisant un don de temps ou d&#039;argent. Chaque geste compte pour faire rayonner la création à Québec." />
<meta name="robots" content="index, follow, max-snippet:-1, max-image-preview:large, max-video-preview:-1" />
<link rel="canonical" href="https://carrefourtheatre.qc.ca/en/support-the-festival/" />
<meta property="og:locale" content="en_US" />
<meta property="og:type" content="article" />
<meta property="og:title" content="Support the Festival | Festival Carrefour" />
<meta property="og:description" content="Soutenez le théâtre d’ici en faisant un don de temps ou d&#039;argent. Chaque geste compte pour faire rayonner la création à Québec." />
<meta property="og:url" content="https://carrefourtheatre.qc.ca/en/support-the-festival/" />
<meta property="og:site_name" content="Festival Carrefour" />
<meta property="article:modified_time" content="2026-04-01T14:41:40+00:00" />
<meta property="og:image" content="https://carrefourtheatre.qc.ca/wp-content/uploads/2025/03/og_festival_carrefour.jpg" />
	<meta property="og:image:width" content="1200" />
	<meta property="og:image:height" content="675" />
	<meta property="og:image:type" content="image/jpeg" />
<meta name="twitter:card" content="summary_large_image" />
<meta name="twitter:label1" content="Est. reading time" />
	<meta name="twitter:data1" content="4 minutes" />
<!-- / Yoast SEO plugin. -->

Soutenez le théâtre d’ici en faisant un don de temps ou d'argent. Chaque geste compte pour faire rayonner la création à Québec.

Le plus grand festival d’arts vivants à Québec
