{"id":2758,"date":"2026-03-17T11:50:35","date_gmt":"2026-03-17T16:50:35","guid":{"rendered":"https:\/\/carrefourtheatre.qc.ca\/cultural-shows-quebec-city\/the-atre\/"},"modified":"2026-04-02T10:41:12","modified_gmt":"2026-04-02T15:41:12","slug":"the-atre","status":"publish","type":"event","link":"https:\/\/carrefourtheatre.qc.ca\/en\/cultural-shows-quebec-city\/the-atre\/","title":{"rendered":"Th\u00e9\u00b7\u00c2tre"},"content":{"rendered":"\n<p>Around the fire, the creator of\u00a0<em>Visages\u00a0<\/em>and the creator of\u00a0<em>Lettres non-\u00e9crites<\/em>\u00a0will exchange on their artistic process and common inspirations. An intimate and vibrating moment to uncover their creations&#8217; behind the scenes. Tea and snacks provided. \u00a0<\/p>\n\n\n\n<figure class=\"wp-block-image size-full is-resized\"><img loading=\"lazy\" decoding=\"async\" width=\"622\" height=\"279\" src=\"https:\/\/carrefourtheatre.qc.ca\/wp-content\/uploads\/2026\/03\/h_logo-bvq_pf_points_vq_nb_outl-1.jpg\" alt=\"\" class=\"wp-image-2538\" style=\"aspect-ratio:2.229420033001283;width:325px;height:auto\"\/><\/figure>\n\n\n\n<div class=\"wp-block-columns is-layout-flex wp-container-core-columns-is-layout-9d6595d7 wp-block-columns-is-layout-flex\">\n<div class=\"wp-block-column is-layout-flow wp-block-column-is-layout-flow\">\n<figure class=\"wp-block-image size-lg\"><img loading=\"lazy\" decoding=\"async\" width=\"3840\" height=\"3840\" src=\"https:\/\/carrefourtheatre.qc.ca\/wp-content\/uploads\/2026\/03\/photo-casting_alexia-burger_c-le-petit-russe-1-edited.avif\" alt=\"\" class=\"wp-image-2540\" srcset=\"https:\/\/carrefourtheatre.qc.ca\/wp-content\/uploads\/2026\/03\/photo-casting_alexia-burger_c-le-petit-russe-1-edited.avif 3840w, https:\/\/carrefourtheatre.qc.ca\/wp-content\/uploads\/2026\/03\/photo-casting_alexia-burger_c-le-petit-russe-1-edited-150x150.avif 150w, https:\/\/carrefourtheatre.qc.ca\/wp-content\/uploads\/2026\/03\/photo-casting_alexia-burger_c-le-petit-russe-1-edited-860x860.avif 860w, https:\/\/carrefourtheatre.qc.ca\/wp-content\/uploads\/2026\/03\/photo-casting_alexia-burger_c-le-petit-russe-1-edited-1200x1200.avif 1200w, https:\/\/carrefourtheatre.qc.ca\/wp-content\/uploads\/2026\/03\/photo-casting_alexia-burger_c-le-petit-russe-1-edited-1500x1500.avif 1500w, https:\/\/carrefourtheatre.qc.ca\/wp-content\/uploads\/2026\/03\/photo-casting_alexia-burger_c-le-petit-russe-1-edited-2000x2000.avif 2000w\" sizes=\"auto, (max-width: 3840px) 100vw, 3840px\" \/><figcaption class=\"wp-element-caption\">\u00a9 Le Petit Russe<\/figcaption><\/figure>\n\n\n\n<h3 class=\"wp-block-heading\">Alexia B\u00fcrger<\/h3>\n<\/div>\n\n\n\n<div class=\"wp-block-column is-layout-flow wp-block-column-is-layout-flow\">\n<figure class=\"wp-block-image size-full\"><img loading=\"lazy\" decoding=\"async\" width=\"768\" height=\"768\" src=\"https:\/\/carrefourtheatre.qc.ca\/wp-content\/uploads\/2026\/03\/david-geselson-\u00a9-simon-gosselin-edited.jpg\" alt=\"\" class=\"wp-image-2222\" srcset=\"https:\/\/carrefourtheatre.qc.ca\/wp-content\/uploads\/2026\/03\/david-geselson-\u00a9-simon-gosselin-edited.jpg 768w, https:\/\/carrefourtheatre.qc.ca\/wp-content\/uploads\/2026\/03\/david-geselson-\u00a9-simon-gosselin-edited-150x150.jpg 150w\" sizes=\"auto, (max-width: 768px) 100vw, 768px\" \/><figcaption class=\"wp-element-caption\">\u00a9 Simon Gosselin<\/figcaption><\/figure>\n\n\n\n<h3 class=\"wp-block-heading\">David Geselson<\/h3>\n<\/div>\n<\/div>\n","protected":false},"excerpt":{"rendered":"<p>Around the fire, the creator of\u00a0Visages\u00a0and the creator of\u00a0Lettres non-\u00e9crites\u00a0will exchange on their artistic process and common inspirations. An intimate and vibrating moment to uncover their creations&#8217; behind the scenes. Tea and snacks provided. \u00a0 Alexia B\u00fcrger David Geselson<\/p>\n","protected":false},"featured_media":2543,"template":"","class_list":["post-2758","event","type-event","status-publish","has-post-thumbnail","hentry","category-activities"],"acf":[],"yoast_head":"<!-- This site is optimized with the Yoast SEO plugin v27.4 - https:\/\/yoast.com\/product\/yoast-seo-wordpress\/ -->\n<title>Th\u00e9\u00b7\u00c2tre | Activities | Festival Carrefour<\/title>\n<meta name=\"description\" content=\"Discussion between Alexia B\u00fcrger and David Geselson on June 5 at the Biblioth\u00e8que Gabrielle-Roy during the Festival Carrefour\" \/>\n<meta name=\"robots\" content=\"index, follow, max-snippet:-1, max-image-preview:large, max-video-preview:-1\" \/>\n<link rel=\"canonical\" href=\"https:\/\/carrefourtheatre.qc.ca\/en\/cultural-shows-quebec-city\/the-atre\/\" \/>\n<meta property=\"og:locale\" content=\"en_US\" \/>\n<meta property=\"og:type\" content=\"article\" \/>\n<meta property=\"og:title\" content=\"Th\u00e9\u00b7\u00c2tre | Activities | Festival Carrefour\" \/>\n<meta property=\"og:description\" content=\"Discussion between Alexia B\u00fcrger and David Geselson on June 5 at the Biblioth\u00e8que Gabrielle-Roy during the Festival Carrefour\" \/>\n<meta property=\"og:url\" content=\"https:\/\/carrefourtheatre.qc.ca\/en\/cultural-shows-quebec-city\/the-atre\/\" \/>\n<meta property=\"og:site_name\" content=\"Festival Carrefour\" \/>\n<meta property=\"article:modified_time\" content=\"2026-04-02T15:41:12+00:00\" \/>\n<meta property=\"og:image\" content=\"https:\/\/carrefourtheatre.qc.ca\/wp-content\/uploads\/2026\/03\/visuel-the-atre-1.png\" \/>\n\t<meta property=\"og:image:width\" content=\"3000\" \/>\n\t<meta property=\"og:image:height\" content=\"2000\" \/>\n\t<meta property=\"og:image:type\" content=\"image\/png\" \/>\n<meta name=\"twitter:card\" content=\"summary_large_image\" \/>\n<meta name=\"twitter:label1\" content=\"Est. reading time\" \/>\n\t<meta name=\"twitter:data1\" content=\"2 minutes\" \/>\n<!-- \/ Yoast SEO plugin. -->","yoast_head_json":{"title":"Th\u00e9\u00b7\u00c2tre | Activities | Festival Carrefour","description":"Discussion between Alexia B\u00fcrger and David Geselson on June 5 at the Biblioth\u00e8que Gabrielle-Roy during the Festival Carrefour","robots":{"index":"index","follow":"follow","max-snippet":"max-snippet:-1","max-image-preview":"max-image-preview:large","max-video-preview":"max-video-preview:-1"},"canonical":"https:\/\/carrefourtheatre.qc.ca\/en\/cultural-shows-quebec-city\/the-atre\/","og_locale":"en_US","og_type":"article","og_title":"Th\u00e9\u00b7\u00c2tre | Activities | Festival Carrefour","og_description":"Discussion between Alexia B\u00fcrger and David Geselson on June 5 at the Biblioth\u00e8que Gabrielle-Roy during the Festival Carrefour","og_url":"https:\/\/carrefourtheatre.qc.ca\/en\/cultural-shows-quebec-city\/the-atre\/","og_site_name":"Festival Carrefour","article_modified_time":"2026-04-02T15:41:12+00:00","og_image":[{"width":3000,"height":2000,"url":"https:\/\/carrefourtheatre.qc.ca\/wp-content\/uploads\/2026\/03\/visuel-the-atre-1.png","type":"image\/png"}],"twitter_card":"summary_large_image","twitter_misc":{"Est. reading time":"2 minutes"},"schema":{"@context":"https:\/\/schema.org","@graph":[{"@type":"WebPage","@id":"https:\/\/carrefourtheatre.qc.ca\/en\/cultural-shows-quebec-city\/the-atre\/","url":"https:\/\/carrefourtheatre.qc.ca\/en\/cultural-shows-quebec-city\/the-atre\/","name":"Th\u00e9\u00b7\u00c2tre | Activities | Festival Carrefour","isPartOf":{"@id":"https:\/\/carrefourtheatre.qc.ca\/en\/#website"},"primaryImageOfPage":{"@id":"https:\/\/carrefourtheatre.qc.ca\/en\/cultural-shows-quebec-city\/the-atre\/#primaryimage"},"image":{"@id":"https:\/\/carrefourtheatre.qc.ca\/en\/cultural-shows-quebec-city\/the-atre\/#primaryimage"},"thumbnailUrl":"https:\/\/carrefourtheatre.qc.ca\/wp-content\/uploads\/2026\/03\/visuel-the-atre-1.png","datePublished":"2026-03-17T16:50:35+00:00","dateModified":"2026-04-02T15:41:12+00:00","description":"Discussion between Alexia B\u00fcrger and David Geselson on June 5 at the Biblioth\u00e8que Gabrielle-Roy during the Festival Carrefour","breadcrumb":{"@id":"https:\/\/carrefourtheatre.qc.ca\/en\/cultural-shows-quebec-city\/the-atre\/#breadcrumb"},"inLanguage":"en-US","potentialAction":[{"@type":"ReadAction","target":["https:\/\/carrefourtheatre.qc.ca\/en\/cultural-shows-quebec-city\/the-atre\/"]}]},{"@type":"ImageObject","inLanguage":"en-US","@id":"https:\/\/carrefourtheatre.qc.ca\/en\/cultural-shows-quebec-city\/the-atre\/#primaryimage","url":"https:\/\/carrefourtheatre.qc.ca\/wp-content\/uploads\/2026\/03\/visuel-the-atre-1.png","contentUrl":"https:\/\/carrefourtheatre.qc.ca\/wp-content\/uploads\/2026\/03\/visuel-the-atre-1.png","width":3000,"height":2000},{"@type":"BreadcrumbList","@id":"https:\/\/carrefourtheatre.qc.ca\/en\/cultural-shows-quebec-city\/the-atre\/#breadcrumb","itemListElement":[{"@type":"ListItem","position":1,"name":"Accueil","item":"https:\/\/carrefourtheatre.qc.ca\/en\/"},{"@type":"ListItem","position":2,"name":"Events","item":"https:\/\/carrefourtheatre.qc.ca\/en\/cultural-shows-quebec-city\/"},{"@type":"ListItem","position":3,"name":"Th\u00e9\u00b7\u00c2tre"}]},{"@type":"WebSite","@id":"https:\/\/carrefourtheatre.qc.ca\/en\/#website","url":"https:\/\/carrefourtheatre.qc.ca\/en\/","name":"Festival Carrefour","description":"Le plus grand festival d\u2019arts vivants \u00e0 Qu\u00e9bec","publisher":{"@id":"https:\/\/carrefourtheatre.qc.ca\/en\/#organization"},"alternateName":"Le plus grand festival d\u2019arts vivants \u00e0 Qu\u00e9bec","potentialAction":[{"@type":"SearchAction","target":{"@type":"EntryPoint","urlTemplate":"https:\/\/carrefourtheatre.qc.ca\/en\/?s={search_term_string}"},"query-input":{"@type":"PropertyValueSpecification","valueRequired":true,"valueName":"search_term_string"}}],"inLanguage":"en-US"},{"@type":"Organization","@id":"https:\/\/carrefourtheatre.qc.ca\/en\/#organization","name":"Festival Carrefour","url":"https:\/\/carrefourtheatre.qc.ca\/en\/","logo":{"@type":"ImageObject","inLanguage":"en-US","@id":"https:\/\/carrefourtheatre.qc.ca\/en\/#\/schema\/logo\/image\/","url":"https:\/\/carrefourtheatre.qc.ca\/wp-content\/uploads\/2025\/03\/og_festival_carrefour.jpg","contentUrl":"https:\/\/carrefourtheatre.qc.ca\/wp-content\/uploads\/2025\/03\/og_festival_carrefour.jpg","width":1200,"height":675,"caption":"Festival Carrefour"},"image":{"@id":"https:\/\/carrefourtheatre.qc.ca\/en\/#\/schema\/logo\/image\/"}}]}},"_links":{"self":[{"href":"https:\/\/carrefourtheatre.qc.ca\/en\/wp-json\/wp\/v2\/event\/2758","targetHints":{"allow":["GET"]}}],"collection":[{"href":"https:\/\/carrefourtheatre.qc.ca\/en\/wp-json\/wp\/v2\/event"}],"about":[{"href":"https:\/\/carrefourtheatre.qc.ca\/en\/wp-json\/wp\/v2\/types\/event"}],"wp:featuredmedia":[{"embeddable":true,"href":"https:\/\/carrefourtheatre.qc.ca\/en\/wp-json\/wp\/v2\/media\/2543"}],"wp:attachment":[{"href":"https:\/\/carrefourtheatre.qc.ca\/en\/wp-json\/wp\/v2\/media?parent=2758"}],"curies":[{"name":"wp","href":"https:\/\/api.w.org\/{rel}","templated":true}]}}

Thé·Âtre

<p>Around the fire, the creator of <em>Visages </em>and the creator of <em>Lettres non-écrites</em> will exchange on their artistic process and common inspirations. An intimate and vibrating moment to uncover their creations&#8217; behind the scenes. Tea and snacks provided.  </p>



<figure class="wp-block-image size-full is-resized"><img loading="lazy" decoding="async" width="622" height="279" src="https://carrefourtheatre.qc.ca/wp-content/uploads/2026/03/h_logo-bvq_pf_points_vq_nb_outl-1.jpg" alt="" class="wp-image-2538" style="aspect-ratio:2.229420033001283;width:325px;height:auto"/></figure>



<div class="wp-block-columns is-layout-flex wp-container-core-columns-is-layout-9d6595d7 wp-block-columns-is-layout-flex">
<div class="wp-block-column is-layout-flow wp-block-column-is-layout-flow">
<figure class="wp-block-image size-lg"><img loading="lazy" decoding="async" width="3840" height="3840" src="https://carrefourtheatre.qc.ca/wp-content/uploads/2026/03/photo-casting_alexia-burger_c-le-petit-russe-1-edited.avif" alt="" class="wp-image-2540" srcset="https://carrefourtheatre.qc.ca/wp-content/uploads/2026/03/photo-casting_alexia-burger_c-le-petit-russe-1-edited.avif 3840w, https://carrefourtheatre.qc.ca/wp-content/uploads/2026/03/photo-casting_alexia-burger_c-le-petit-russe-1-edited-150x150.avif 150w, https://carrefourtheatre.qc.ca/wp-content/uploads/2026/03/photo-casting_alexia-burger_c-le-petit-russe-1-edited-860x860.avif 860w, https://carrefourtheatre.qc.ca/wp-content/uploads/2026/03/photo-casting_alexia-burger_c-le-petit-russe-1-edited-1200x1200.avif 1200w, https://carrefourtheatre.qc.ca/wp-content/uploads/2026/03/photo-casting_alexia-burger_c-le-petit-russe-1-edited-1500x1500.avif 1500w, https://carrefourtheatre.qc.ca/wp-content/uploads/2026/03/photo-casting_alexia-burger_c-le-petit-russe-1-edited-2000x2000.avif 2000w" sizes="auto, (max-width: 3840px) 100vw, 3840px" /><figcaption class="wp-element-caption">© Le Petit Russe</figcaption></figure>



<h3 class="wp-block-heading">Alexia Bürger</h3>
</div>



<div class="wp-block-column is-layout-flow wp-block-column-is-layout-flow">
<figure class="wp-block-image size-full"><img loading="lazy" decoding="async" width="768" height="768" src="https://carrefourtheatre.qc.ca/wp-content/uploads/2026/03/david-geselson-©-simon-gosselin-edited.jpg" alt="" class="wp-image-2222" srcset="https://carrefourtheatre.qc.ca/wp-content/uploads/2026/03/david-geselson-©-simon-gosselin-edited.jpg 768w, https://carrefourtheatre.qc.ca/wp-content/uploads/2026/03/david-geselson-©-simon-gosselin-edited-150x150.jpg 150w" sizes="auto, (max-width: 768px) 100vw, 768px" /><figcaption class="wp-element-caption">© Simon Gosselin</figcaption></figure>



<h3 class="wp-block-heading">David Geselson</h3>
</div>
</div>

<p>Around the fire, the creator of Visages and the creator of Lettres non-écrites will exchange on their artistic process and common inspirations. An intimate and vibrating moment to uncover their creations&#8217; behind the scenes. Tea and snacks provided.   Alexia Bürger David Geselson</p>

<!-- This site is optimized with the Yoast SEO plugin v27.4 - https://yoast.com/product/yoast-seo-wordpress/ -->
<title>Thé·Âtre | Activities | Festival Carrefour</title>
<meta name="description" content="Discussion between Alexia Bürger and David Geselson on June 5 at the Bibliothèque Gabrielle-Roy during the Festival Carrefour" />
<meta name="robots" content="index, follow, max-snippet:-1, max-image-preview:large, max-video-preview:-1" />
<link rel="canonical" href="https://carrefourtheatre.qc.ca/en/cultural-shows-quebec-city/the-atre/" />
<meta property="og:locale" content="en_US" />
<meta property="og:type" content="article" />
<meta property="og:title" content="Thé·Âtre | Activities | Festival Carrefour" />
<meta property="og:description" content="Discussion between Alexia Bürger and David Geselson on June 5 at the Bibliothèque Gabrielle-Roy during the Festival Carrefour" />
<meta property="og:url" content="https://carrefourtheatre.qc.ca/en/cultural-shows-quebec-city/the-atre/" />
<meta property="og:site_name" content="Festival Carrefour" />
<meta property="article:modified_time" content="2026-04-02T15:41:12+00:00" />
<meta property="og:image" content="https://carrefourtheatre.qc.ca/wp-content/uploads/2026/03/visuel-the-atre-1.png" />
	<meta property="og:image:width" content="3000" />
	<meta property="og:image:height" content="2000" />
	<meta property="og:image:type" content="image/png" />
<meta name="twitter:card" content="summary_large_image" />
<meta name="twitter:label1" content="Est. reading time" />
	<meta name="twitter:data1" content="2 minutes" />
<!-- / Yoast SEO plugin. -->

Thé·Âtre | Activities | Festival Carrefour

Discussion between Alexia Bürger and David Geselson on June 5 at the Bibliothèque Gabrielle-Roy during the Festival Carrefour

Le plus grand festival d’arts vivants à Québec
